4)/1 is divided by j?
13
Suppose 18*a - 10547 = 10063. Calculate the remainder when a is divided by 82.
79
Suppose 2*z + 3*z - 85 = 0. Let g(k) = 4*k**2 - 23*k + 3. Let h be g(5). Let b(j) = -6*j - 63. What is the remainder when z is divided by b(h)?
8
Suppose 2*w - 5*g = 1045, 0 = 4*w + 7*g - 4*g - 2051. Let s = -315 + w. Suppose -32 + s = 7*l. What is the remainder when l is divided by 9?
6
Suppose -z = 5*a + 11, -3*a + 26 = 5*z - 5*a. Suppose 5*x - 2*s - 26 = 0, 0 = 4*x + 6*s - 2*s - 4. What is the remainder when z is divided by x?
0
Let r(q) = -q**3 + 3*q**2 + 3*q + 4. Let s be r(4). Suppose s = 337*a - 326*a - 418. What is the remainder when 146 is divided by a?
32
Let h = 14052 - 9723. What is the remainder when h is divided by 114?
111
Let s = -207 - -212. Suppose -63 = -s*m - 13. What is the remainder when 247 is divided by m?
7
Let c(h) = -h**2 + 15*h + 16. Let u(g) = 103*g**2 - 3*g - 2. Calculate the remainder when u(-1) is divided by c(14).
14
Suppose -6*s + 19*s + 6 - 32 = 0. Calculate the remainder when 479 is divided by s.
1
Suppose 4*l - 8*n + 6*n = 4110, -2*n + 4090 = 4*l. What is the remainder when l is divided by 147?
143
Suppose 0*m = 5*m. Let c be 3244/18 + 0 - (-29 + (-1841)/(-63)). Suppose m = -6*g + 4*g + c. What is the remainder when g is divided by 31?
28
Suppose 2*v = 5*x - 3366, -x + 687 = 396*v - 401*v. What is the remainder when x is divided by 25?
22
Suppose -29*r + 3*p - 3510 = -32*r, 3*r - 3524 = 4*p. What is the remainder when r is divided by 23?
22
Suppose 179*a = 82*a + 78*a + 266. Let m = 157 + 103. Calculate the remainder when m is divided by a.
8
Let p = 517 - 360. Calculate the remainder when 4393 is divided by p.
154
Let m(l) = -l**3 + 3*l**2 + l - 54. Let j = -114 + 114. Let g be m(j). Let k = -24 - g. What is the remainder when 119 is divided by k?
29
Let y(n) = n**2 + 7*n + 18. Let m be y(-4). Let o = -12 + m. Calculate the remainder when 36/7*(-21)/o is divided by 11.
7
Suppose -8*m = -12*m - 8*m. Suppose m = -y - y + 268. Calculate the remainder when y is divided by 46.
42
What is the remainder when 23733 is divided by ((-12)/5)/(248/(-14260))?
135
Let q be 51*2/((-48)/(-568)). Suppose 3079 = 18*m + q. What is the remainder when m is divided by 36?
32
Suppose 2*v + 5*w - 40 = 0, -v + 41 = 2*v - 2*w. Let h(x) = -7 - 12*x - 4 - 19. Calculate the remainder when h(-6) is divided by v.
12
Suppose 40 - 115 = -15*h. Suppose h*a = -17*a + 1650. Calculate the remainder when 297 is divided by a.
72
Suppose 0*d = 4*d - 12, 2*d = -3*j + 66. Calculate the remainder when (-9)/135 + 63756/540 is divided by j.
18
Suppose -m = -3*a + 222, 123*a + 174 = 125*a - 5*m. Calculate the remainder when 1152 is divided by a.
0
Let h(t) = -3*t + 65. What is the remainder when 123 is divided by h(8)?
0
Suppose 961*a + 205 = 966*a. Calculate the remainder when 3974 is divided by a.
38
Suppose 0*m + m + 20 = 5*x, -5*m - 4 = -x. Suppose -p + 8*p - 7 = m. What is the remainder when 99 is divided by p*((-66)/(-3) - -3)?
24
Suppose 0 = -4*k + r + 571, -89 = -4*k - 3*r + 470. Let f = k + 10. What is the remainder when f is divided by 22?
20
Suppose -b - 245 = -39. Let i = 397 + 22. Let c = b + i. What is the remainder when c is divided by 24?
21
What is the remainder when 125 is divided by ((-6)/17)/(198/(-2244))?
1
Let n = 175 - 41. Suppose -n = -5*i + 166. Calculate the remainder when i is divided by 36.
24
Calculate the remainder when ((-384)/(-32))/((-2)/(-120)) is divided by 11.
5
Suppose -413 = 5*p - 2*t - 469, 5*p - t = 68. Let w(m) = 74*m**3 - 2*m**2 + 2*m - 1. Calculate the remainder when w(1) is divided by p.
9
Let f(i) = i**2 - 23*i + 126. What is the remainder when f(6) is divided by 20?
4
Let y = -15 + 9. Let u = 100 - 80. What is the remainder when 1 - 9*y - -2 is divided by u?
17
Let b be ((-12)/(-18))/(0 + 4/(-18)). Calculate the remainder when 26 is divided by (1 + b/(-9))/((-8)/(-132)).
4
Let v be 2484/(-690)*(-1)/(2/65). Let j = 161 - v. Calculate the remainder when j is divided by 29.
15
Let y(v) = v**2 + 9*v + 30. Let u be y(-11). Let l = u - 48. Suppose l = 5*q - 21. What is the remainder when 19 is divided by q?
4
Suppose -982*s + 927*s = -2475. What is the remainder when 237 is divided by s?
12
Suppose 49*l - 490 = 44*l - 5*z, 269 = 3*l - 2*z. What is the remainder when 144 is divided by l?
51
What is the remainder when (-6)/((-59)/(-118)*(-6)/16) is divided by 11?
10
Let h be 170/(-4)*(-4)/(-2). Let g = -12314 - -12222. Let f = h - g. Calculate the remainder when 62 is divided by f.
6
Let p(n) = -2*n**3 - 134*n**2 - 11*n - 251. Calculate the remainder when p(-67) is divided by 98.
94
Let u be (-186)/30 + (1 - 12/15). Let a = u - -21. What is the remainder when 41 is divided by (21 - -1)*3*5/a?
19
Let p(z) = -8*z**3 + 2*z**2 + z - 1. Let u be p(2). Let k = 155 + u. Let q = 62 + k. Calculate the remainder when q is divided by 41.
39
Suppose 5*b - 826 - 109 = 0. What is the remainder when b is divided by (1 - 45/35) + (-2664)/(-259)?
7
Let w = 30 - -30. Suppose 7*r = 11*r - w. Calculate the remainder when r is divided by 10.
5
Suppose -t = 5*w - 4100, -1352 = -5*w + 5*t + 2718. What is the remainder when 69 is divided by 2/5 + w/315?
0
Suppose 2437 + 1103 = -6*y. Calculate the remainder when 0 - y/15*3 is divided by 40.
38
Let t = -457 + 512. What is the remainder when t is divided by 8?
7
Let i(s) = 0*s**2 - 5*s**2 - s**2 - 4 + 8*s**2 + 9*s. What is the remainder when 249 is divided by i(-6)?
11
Suppose h + x = 30, -2*x = -70*h + 71*h - 27. What is the remainder when h is divided by 17?
16
Let f(v) = -v**2 + 20*v - 94. Let d be f(9). Suppose -3*j = 4*b - 50, j - d = -b + 7. Calculate the remainder when 25 is divided by b.
11
Suppose -y = 3*d - 439, 116*y + 4*d + 1395 = 119*y. Calculate the remainder when y is divided by 68.
49
Suppose 0 = 4*u - 2574 + 2554. Suppose -6*j = -3*j - 201. What is the remainder when j is divided by u?
2
Let c(l) = -l**2 - 27*l - 45. Let x be (34/3)/(70/(-105)). Calculate the remainder when c(x) is divided by 6.
5
Let f(x) = x**3 + 51*x**2 + 97*x + 809. What is the remainder when f(-49) is divided by 20?
18
Let q = -53 - -126. Suppose -2*b + 3*s = 12, 4*s = 2*b - 0 + 12. Calculate the remainder when q is divided by (4/b)/((-2)/57).
16
Suppose l + 15 - 2 = -3*c, -c - 2*l + 4 = 0. Let m(y) = -2*y**3 - y**2 + y - 8. Let v = -619706 - -619761. Calculate the remainder when m(c) is divided by v.
52
Let j be 188/(-6)*12/(-8). Let a = -42 + j. Suppose a*i - 2*v - 44 = 227, 5*v + 280 = 5*i. What is the remainder when i is divided by 17?
2
Let g(d) be the third derivative of -5*d**4/24 - 3*d**3/2 - d**2. What is the remainder when 7/((-25)/(11750/1340) - -3) is divided by g(-7)?
21
Suppose -3*k + 38 = -31. Let y(h) = -h**2 + 2*h + 29. Let z be y(-14). What is the remainder when (z*(-2)/3)/((-14)/(-7)) is divided by k?
19
Suppose -282 = -2*r - p + 159, 4*r - p = 879. Calculate the remainder when r is divided by 138.
82
Suppose -18*r + 12 = -24*r. What is the remainder when 279 is divided by ((-14)/(-4) + r)/(12/80)?
9
Suppose 0 = -3*v + 6*z + 5577, 0 = -2*v - 2*z + 2212 + 1470. What is the remainder when v is divided by 19?
4
Let v(f) = -22*f - 116. Suppose 0 = -4*z + 3*z + 14. Let g(u) = -u**3 + 14*u**2 + 2*u + 15. What is the remainder when v(-9) is divided by g(z)?
39
Let n(g) = 2*g**2 - 170*g - 2591. Calculate the remainder when 710 is divided by n(99).
167
Let o = 6989 + -5667. What is the remainder when o is divided by 100?
22
Suppose 24 = 2*m + 4*v, 3*m + 4*v + 14 = 48. Calculate the remainder when 4868 is divided by m.
8
Let t = 1325 - 982. Calculate the remainder when t is divided by 44.
35
Calculate the remainder when 1841 is divided by (1*(-3690)/10)/(-3).
119
Let j be (-2 - 0)*(7 - 1). Let z(g) = 10*g**2 + 7*g - 6 + g**3 + 4*g - 38*g - 18. What is the remainder when 16 is divided by z(j)?
4
Suppose -142*v - 3816 = -71976. Calculate the remainder when v is divided by 127.
99
Let w(q) be the third derivative of 19*q**5/60 + 3*q**4/8 + 11*q**3/6 - 4*q**2. Suppose -222 + 27 = -5*o. What is the remainder when w(-3) is divided by o?
38
Suppose -2*d + 454 + 25 = -17*q, 4*d - 4*q - 988 = 0. Calculate the remainder when d is divided by 157.
91
Let y(z) = 27*z**3 + z**2 - 1. Let w be y(1).